{"id":1051,"date":"2013-12-30T13:20:56","date_gmt":"2013-12-30T13:20:56","guid":{"rendered":"http:\/\/fegrama.cat\/web\/?page_id=1051"},"modified":"2014-03-23T18:44:27","modified_gmt":"2014-03-23T17:44:27","slug":"historia","status":"publish","type":"page","link":"http:\/\/fegrama.cat\/web\/historia\/","title":{"rendered":"Hist\u00f2ria"},"content":{"rendered":"<p style=\"text-align: justify;\"><span style=\"color: #000000;\">El dia <strong>2 de Juliol de 2013<\/strong> \u00e9s el dia assenyalat al calendari com el dia que es va signar l\u2019acta fundacional de la <strong>Fundaci\u00f3 Esportiva Grama<\/strong>. En aquest mat\u00ed de Juliol, el President, <strong>Antonio Morales Garc\u00eda<\/strong>, sempre vinculat al mon del futbol (7 anys treballant a l\u2019esport escolar de <strong>Santa Coloma<\/strong>, 23 com a President de la <strong>U.D.A. Gramenet<\/strong> i 3 anys com a Directiu del<strong> R.C.D. Espanyol<\/strong>), va conformar el patronat encarregat de regir les \u00e0rees del Club format per: <strong>Jaume Abell\u00f3 Teruel, Gen\u00eds Vera Moreno, Genis Vera Buy\u00e9, Jos\u00e9 Iserte Aparicio, Jos\u00e9 Jim\u00e9nez Cachinero, Xavier Samper Mellado, Germ\u00e1n Rosales Calvo, Jaume Soler Subirats, Daniel Borrallo Chamizo i Jos\u00e9 Manuel Morales Santiago.<\/strong><\/span><\/p>\n<p style=\"text-align: justify;\"><span style=\"color: #000000;\">Durant l\u2019any i mig anterior a la signatura de la Carta Fundacional, <strong>Antonio Morales<\/strong>, va treballar de valent per aconseguir el recolzament d\u2019Institucions, de futurs sponsors i de totes aquelles persones que avui conformen la Fundaci\u00f3. Rodejat d\u2019antics companys de Junta, de vells amics futbol\u00edstics i de nous col\u00b7laboradors es va posar en marxa aquest projecte tractant de recuperar els grans valors de la pedrera colomenca. All\u00f2 que durant anys de treball va portar al Club presidit per Antonio Morales, a ser la Tercera pot\u00e8ncia \u00a0del futbol catal\u00e0, no podia quedar a l\u2019oblit i fruit d\u2019aix\u00f2 va comen\u00e7ar el cam\u00ed de la F.E. GRAMA.<\/span><\/p>\n<p style=\"text-align: justify;\"><span style=\"color: #000000;\">A nivell d\u2019Instal\u00b7lacions, amb la col\u00b7laboraci\u00f3 de l\u2019<strong>Ajuntament de Santa Coloma i de l\u2019Alcaldessa, N\u00faria Parlon<\/strong>, \u00a0Antonio Morales va signar un conveni de gesti\u00f3 del <strong>Nou Camp Municipal de Futbol de Santa Coloma<\/strong> per tal de tornar a donar vida a un Estadi que es trobava en un estat d\u2019aband\u00f3 total i sense equips de futbol base. La Fundaci\u00f3 Esportiva Grama es va fer c\u00e0rrec del Nou Municipal al setembre de 2013 amb molta feina per davant i en pocs mesos es va canviar la gespa, es va desratitzar i desinfectar la instal\u00b7laci\u00f3, es van habilitar vestidors en estat ru\u00efn\u00f3s, s\u2019han constru\u00eft noves oficines, s\u2019ha pintat tot el camp i tantes coses m\u00e9s que queden pendents i que treballarem per dur-les a terme. Un Club nou es feia c\u00e0rrec del Municipal per fer gaudir a la ciutat d\u2019una instal\u00b7laci\u00f3 \u00fanica.<\/span><\/p>\n<p style=\"text-align: justify;\"><span style=\"color: #000000;\">Esportivament, la <strong>Fundaci\u00f3 Privada Escola de Futbol Calella<\/strong> va cedir quinze categories a la Fundaci\u00f3 Esportiva Grama fet que ens va ajudar a comen\u00e7ar amb diferents places a Preferent i a Primera.\u00a0 Si la idea\u00a0 inicial era comen\u00e7ar des de zero, la cessi\u00f3 d\u2019aquestes categories va ser una bona empenta per formar un total de 23 plantilles: Amateur Mascul\u00ed (4\u00aa Catalana), Amateur femen\u00ed (2\u00aa Divisi\u00f3), Juvenil A (Preferent), Juvenil B (2\u00aa Divisi\u00f3), Cadet A (Preferent), Cadet B (2\u00aa Divisi\u00f3), Infantil A (Preferent), Infantil B (2\u00aa Divisi\u00f3), Infantil C (2\u00aa Divisi\u00f3), Infantil-Alev\u00ed \u00a0Femen\u00ed (2\u00aa Divisi\u00f3), Alev\u00ed A (Preferent), Alev\u00ed B (1\u00aa Divisi\u00f3), Alev\u00ed C (3\u00aa Divisi\u00f3), Alev\u00ed D (3\u00aa Divisi\u00f3), Benjam\u00ed A (3\u00aa Divisi\u00f3), Benjam\u00ed B (3\u00aa Divisi\u00f3), Benjam\u00ed C (3\u00aa Divisi\u00f3), Benjam\u00ed D (3\u00aa Divisi\u00f3), Prebenjam\u00ed A, Prebenjam\u00ed B, Prebenjam\u00ed C i dos equips d\u2019escola.<\/span><\/p>\n<p style=\"text-align: justify;\"><span style=\"color: #000000;\">En resum, la<strong> Fundaci\u00f3 Esportiva Grama<\/strong> neix al Juliol de 2013 de la ma d\u2019Antonio Morales i el seu equip de treball, amb gran recolzament de les institucions municipals, amb la gesti\u00f3 del Nou Camp Municipal i amb la cessi\u00f3 de categories per part de la Fundaci\u00f3 Privada Escola de Futbol Calella. Un projecte ambici\u00f3s que en pocs mesos ha tornat ha posar el nom de la ciutat en l\u2019orbita del futbol catal\u00e0 com una entitat respectable, que funciona de manera transparent i amb un organigrama semi-professional conformat per m\u00e9s de 70 persones i que ja \u00e9s una refer\u00e8ncia. Aquesta es la Fundaci\u00f3 Esportiva Grama, un <strong>SENTIMENT COLOMENC!!!<\/strong><\/span><\/p>\n","protected":false},"excerpt":{"rendered":"<p>El dia 2 de Juliol de 2013 \u00e9s el dia assenyalat al calendari com el dia que es va signar l\u2019acta fundacional de la Fundaci\u00f3 Esportiva Grama. En aquest mat\u00ed de Juliol, el President, Antonio Morales Garc\u00eda, sempre vinculat al mon del futbol (7 anys treballant a l\u2019esport escolar de Santa Coloma, 23 com a [&hellip;]<\/p>\n","protected":false},"author":1,"featured_media":0,"parent":0,"menu_order":0,"comment_status":"closed","ping_status":"closed","template":"","meta":{"footnotes":""},"class_list":["post-1051","page","type-page","status-publish","hentry"],"_links":{"self":[{"href":"http:\/\/fegrama.cat\/web\/wp-json\/wp\/v2\/pages\/1051","targetHints":{"allow":["GET"]}}],"collection":[{"href":"http:\/\/fegrama.cat\/web\/wp-json\/wp\/v2\/pages"}],"about":[{"href":"http:\/\/fegrama.cat\/web\/wp-json\/wp\/v2\/types\/page"}],"author":[{"embeddable":true,"href":"http:\/\/fegrama.cat\/web\/wp-json\/wp\/v2\/users\/1"}],"replies":[{"embeddable":true,"href":"http:\/\/fegrama.cat\/web\/wp-json\/wp\/v2\/comments?post=1051"}],"version-history":[{"count":5,"href":"http:\/\/fegrama.cat\/web\/wp-json\/wp\/v2\/pages\/1051\/revisions"}],"predecessor-version":[{"id":2902,"href":"http:\/\/fegrama.cat\/web\/wp-json\/wp\/v2\/pages\/1051\/revisions\/2902"}],"wp:attachment":[{"href":"http:\/\/fegrama.cat\/web\/wp-json\/wp\/v2\/media?parent=1051"}],"curies":[{"name":"wp","href":"https:\/\/api.w.org\/{rel}","templated":true}]}}

Història

<p style="text-align: justify;"><span style="color: #000000;">El dia <strong>2 de Juliol de 2013</strong> és el dia assenyalat al calendari com el dia que es va signar l’acta fundacional de la <strong>Fundació Esportiva Grama</strong>. En aquest matí de Juliol, el President, <strong>Antonio Morales García</strong>, sempre vinculat al mon del futbol (7 anys treballant a l’esport escolar de <strong>Santa Coloma</strong>, 23 com a President de la <strong>U.D.A. Gramenet</strong> i 3 anys com a Directiu del<strong> R.C.D. Espanyol</strong>), va conformar el patronat encarregat de regir les àrees del Club format per: <strong>Jaume Abelló Teruel, Genís Vera Moreno, Genis Vera Buyé, José Iserte Aparicio, José Jiménez Cachinero, Xavier Samper Mellado, Germán Rosales Calvo, Jaume Soler Subirats, Daniel Borrallo Chamizo i José Manuel Morales Santiago.</strong></span></p>
<p style="text-align: justify;"><span style="color: #000000;">Durant l’any i mig anterior a la signatura de la Carta Fundacional, <strong>Antonio Morales</strong>, va treballar de valent per aconseguir el recolzament d’Institucions, de futurs sponsors i de totes aquelles persones que avui conformen la Fundació. Rodejat d’antics companys de Junta, de vells amics futbolístics i de nous col·laboradors es va posar en marxa aquest projecte tractant de recuperar els grans valors de la pedrera colomenca. Allò que durant anys de treball va portar al Club presidit per Antonio Morales, a ser la Tercera potència  del futbol català, no podia quedar a l’oblit i fruit d’això va començar el camí de la F.E. GRAMA.</span></p>
<p style="text-align: justify;"><span style="color: #000000;">A nivell d’Instal·lacions, amb la col·laboració de l’<strong>Ajuntament de Santa Coloma i de l’Alcaldessa, Núria Parlon</strong>,  Antonio Morales va signar un conveni de gestió del <strong>Nou Camp Municipal de Futbol de Santa Coloma</strong> per tal de tornar a donar vida a un Estadi que es trobava en un estat d’abandó total i sense equips de futbol base. La Fundació Esportiva Grama es va fer càrrec del Nou Municipal al setembre de 2013 amb molta feina per davant i en pocs mesos es va canviar la gespa, es va desratitzar i desinfectar la instal·lació, es van habilitar vestidors en estat ruïnós, s’han construït noves oficines, s’ha pintat tot el camp i tantes coses més que queden pendents i que treballarem per dur-les a terme. Un Club nou es feia càrrec del Municipal per fer gaudir a la ciutat d’una instal·lació única.</span></p>
<p style="text-align: justify;"><span style="color: #000000;">Esportivament, la <strong>Fundació Privada Escola de Futbol Calella</strong> va cedir quinze categories a la Fundació Esportiva Grama fet que ens va ajudar a començar amb diferents places a Preferent i a Primera.  Si la idea  inicial era començar des de zero, la cessió d’aquestes categories va ser una bona empenta per formar un total de 23 plantilles: Amateur Masculí (4ª Catalana), Amateur femení (2ª Divisió), Juvenil A (Preferent), Juvenil B (2ª Divisió), Cadet A (Preferent), Cadet B (2ª Divisió), Infantil A (Preferent), Infantil B (2ª Divisió), Infantil C (2ª Divisió), Infantil-Aleví  Femení (2ª Divisió), Aleví A (Preferent), Aleví B (1ª Divisió), Aleví C (3ª Divisió), Aleví D (3ª Divisió), Benjamí A (3ª Divisió), Benjamí B (3ª Divisió), Benjamí C (3ª Divisió), Benjamí D (3ª Divisió), Prebenjamí A, Prebenjamí B, Prebenjamí C i dos equips d’escola.</span></p>
<p style="text-align: justify;"><span style="color: #000000;">En resum, la<strong> Fundació Esportiva Grama</strong> neix al Juliol de 2013 de la ma d’Antonio Morales i el seu equip de treball, amb gran recolzament de les institucions municipals, amb la gestió del Nou Camp Municipal i amb la cessió de categories per part de la Fundació Privada Escola de Futbol Calella. Un projecte ambiciós que en pocs mesos ha tornat ha posar el nom de la ciutat en l’orbita del futbol català com una entitat respectable, que funciona de manera transparent i amb un organigrama semi-professional conformat per més de 70 persones i que ja és una referència. Aquesta es la Fundació Esportiva Grama, un <strong>SENTIMENT COLOMENC!!!</strong></span></p>

<p>El dia 2 de Juliol de 2013 és el dia assenyalat al calendari com el dia que es va signar l’acta fundacional de la Fundació Esportiva Grama. En aquest matí de Juliol, el President, Antonio Morales García, sempre vinculat al mon del futbol (7 anys treballant a l’esport escolar de Santa Coloma, 23 com a [&hellip;]</p>
